ided by 85?
22
What is the remainder when 7342 is divided by 7?
6
Calculate the remainder when 4559 is divided by 30.
29
Calculate the remainder when 623 is divided by 3.
2
Calculate the remainder when 107 is divided by 3.
2
Calculate the remainder when 13437 is divided by 35.
32
What is the remainder when 238 is divided by 60?
58
What is the remainder when 516 is divided by 26?
22
What is the remainder when 646 is divided by 213?
7
What is the remainder when 1318 is divided by 260?
18
What is the remainder when 555 is divided by 277?
1
What is the remainder when 139 is divided by 1?
0
What is the remainder when 6 is divided by 3?
0
What is the remainder when 255 is divided by 81?
12
Calculate the remainder when 476 is divided by 42.
14
Calculate the remainder when 2281 is divided by 35.
6
What is the remainder when 1363 is divided by 44?
43
What is the remainder when 184 is divided by 38?
32
What is the remainder when 285 is divided by 35?
5
Calculate the remainder when 35 is divided by 6.
5
What is the remainder when 510 is divided by 192?
126
What is the remainder when 2144 is divided by 74?
72
What is the remainder when 690 is divided by 99?
96
Calculate the remainder when 239 is divided by 83.
73
What is the remainder when 150 is divided by 11?
7
What is the remainder when 107 is divided by 57?
50
Calculate the remainder when 227 is divided by 141.
86
Calculate the remainder when 685 is divided by 73.
28
Calculate the remainder when 8748 is divided by 70.
68
What is the remainder when 1827 is divided by 4?
3
What is the remainder when 133 is divided by 21?
7
Calculate the remainder when 60 is divided by 20.
0
What is the remainder when 133 is divided by 38?
19
What is the remainder when 214 is divided by 70?
4
Calculate the remainder when 711 is divided by 385.
326
Calculate the remainder when 393 is divided by 9.
6
Calculate the remainder when 9 is divided by 5.
4
What is the remainder when 5352 is divided by 51?
48
Calculate the remainder when 239 is divided by 41.
34
Calculate the remainder when 11 is divided by 4.
3
Calculate the remainder when 782 is divided by 254.
20
Calculate the remainder when 439 is divided by 26.
23
What is the remainder when 54 is divided by 2?
0
Calculate the remainder when 315 is divided by 56.
35
What is the remainder when 358 is divided by 15?
13
What is the remainder when 1021 is divided by 137?
62
What is the remainder when 7029 is divided by 3510?
9
Calculate the remainder when 108 is divided by 35.
3
What is the remainder when 501 is divided by 56?
53
What is the remainder when 15081 is divided by 23?
16
What is the remainder when 632 is divided by 59?
42
Calculate the remainder when 178 is divided by 2.
0
What is the remainder when 203 is divided by 26?
21
Calculate the remainder when 576 is divided by 10.
6
What is the remainder when 82 is divided by 64?
18
What is the remainder when 108 is divided by 8?
4
Calculate the remainder when 590 is divided by 4.
2
Calculate the remainder when 228 is divided by 21.
18
What is the remainder when 2101 is divided by 314?
217
What is the remainder when 307 is divided by 62?
59
Calculate the remainder when 430 is divided by 67.
28
Calculate the remainder when 23 is divided by 9.
5
Calculate the remainder when 868 is divided by 285.
13
What is the remainder when 4990 is divided by 8?
6
What is the remainder when 1425 is divided by 8?
1
What is the remainder when 3356 is divided by 70?
66
Calculate the remainder when 2138 is divided by 711.
5
Calculate the remainder when 98 is divided by 26.
20
What is the remainder when 155 is divided by 40?
35
What is the remainder when 438 is divided by 74?
68
Calculate the remainder when 4589 is divided by 85.
84
What is the remainder when 815 is divided by 810?
5
Calculate the remainder when 165 is divided by 6.
3
What is the remainder when 749 is divided by 94?
91
What is the remainder when 1369 is divided by 81?
73
What is the remainder when 107 is divided by 39?
29
Calculate the remainder when 384 is divided by 134.
116
Calculate the remainder when 14901 is divided by 34.
9
What is the remainder when 704 is divided by 63?
11
Calculate the remainder when 163 is divided by 21.
16
Calculate the remainder when 7903 is divided by 38.
37
Calculate the remainder when 74 is divided by 47.
27
Calculate the remainder when 535 is divided by 67.
66
What is the remainder when 44 is divided by 15?
14
Calculate the remainder when 2707 is divided by 894.
25
Calculate the remainder when 103133 is divided by 22.
19
Calculate the remainder when 2597 is divided by 647.
9
What is the remainder when 97 is divided by 9?
7
What is the remainder when 1274 is divided by 75?
74
Calculate the remainder when 187 is divided by 32.
27
Calculate the remainder when 78 is divided by 23.
9
What is the remainder when 91 is divided by 27?
10
Calculate the remainder when 140 is divided by 37.
29
What is the remainder when 238 is divided by 127?
111
What is the remainder when 594 is divided by 41?
20
What is the remainder when 6019 is divided by 147?
139
Calculate the remainder when 84 is divided by 18.
12
What is the remainder when 39 is divided by 8?
7
What is the remainder when 402 is divided by 29?
25
What is the remainder when 580 is divided by 93?
22
Calculate the remainder when 66 is divided by 23.
20
What is the remainder when 21 is divided by 6?
3
Calculate the remainder when 513 is divided by 47.
43
Calculate the remainder when 6774 is divided by 121.
119
What is the remainder when 258 is divided by 51?
3
Calculate the remainder when 2626 is divided by 9.
7
Calculate the remainder when 346 is divided by 121.
104
Calculate the remainder when 90 is divided by 58.
32
Calculate the remainder when 829 is divided by 10.
9
What is the remainder when 54 is divided by 4?
2
What is the remainder when 255 is divided by 251?
4
Calculate the remainder when 1457 is divided by 54.
53
Calculate the remainder when 24 is divided by 16.
8
What is the remainder when 92 is divided by 14?
8
What is the remainder when 166 is divided by 70?
26
Calculate the remainder when 475 is divided by 34.
33
What is the remainder when 1707 is divided by 45?
42
Calculate the remainder when 181 is divided by 2.
1
What is the remainder when 261 is divided by 24?
21
What is the remainder when 235 is divided by 112?
11
Calculate the remainder when 391 is divided by 42.
13
What is the remainder when 675 is divided by 26?
25
What is the remainder when 173 is divided by 29?
28
What is the remainder when 2314 is divided by 61?
57
Calculate the remainder when 3220 is divided by 31.
27
What is the remainder when 2515 is divided by 502?
5
Calculate the remainder when 250 is divided by 37.
28
Calculate the remainder when 55 is divided by 21.
13
What is the remainder when 65 is divided by 6?
5
Calculate the remainder when 473 is divided by 85.
48
Calculate the remainder when 473 is divided by 465.
8
Calculate the remainder when 1205 is divided by 49.
29
Calculate the remainder when 329 is divided by 10.
9
Calculate the remainder when 625 is divided by 57.
55
What is the remainder when 42 is divided by 22?
20
What is the remainder when 288 is divided by 58?
56
What is the remainder when 130 is divided by 37?
19
Calculate the remainder when 238 is divided by 78.
4
What is the remainder when 9853 is divided by 77?
74
What is the remainder when 211 is divided by 202?
9
Calculate the remainder when 166 is divided by 28.
26
Calculate the remainder when 1654 is divided by 12.
10
Calculate the remainder when 33862 is divided by 166.
164
What is the remainder when 9851 is divided by 13?
10
Calculate the remainder when 282 is divided by 28.
2
What is the remainder when 1669 is divided by 4?
1
What is the remainder when 198 is divided by 53?
39
What is the remainder when 518 is divided by 29?
25
Calculate the remainder when 826 is divided by 44.
34
What is the remainder when 366 is divided by 362?
4
Calculate the remainder when 147 is divided by 73.
1
Calculate the remainder when 528 is divided by 53.
51
What is the remainder when 25 is divided by 8?
1
Calculate the remainder when 1556 is divided by 12.
8
Calculate the remainder when 71 is divided by 31.
9
Calculate the remainder when 307 is divided by 48.
